factor of 36316?
True
Does 74 divide 444?
True
Does 15 divide 2160?
True
Is 1012 a multiple of 92?
True
Is 2208 a multiple of 69?
True
Does 86 divide 258?
True
Does 82 divide 1081?
False
Is 3 a factor of 133?
False
Is 582 a multiple of 36?
False
Is 26 a factor of 11891?
False
Is 4832 a multiple of 32?
True
Is 420 a multiple of 10?
True
Does 2 divide 19771?
False
Is 5 a factor of 280?
True
Does 84 divide 40250?
False
Does 22 divide 238?
False
Is 181 a multiple of 3?
False
Does 3 divide 16615?
False
Is 670 a multiple of 19?
False
Is 101 a multiple of 13?
False
Is 2127 a multiple of 14?
False
Is 24 a factor of 2144?
False
Is 3835 a multiple of 59?
True
Is 2128 even?
True
Does 42 divide 656?
False
Does 130 divide 96498?
False
Is 30 a factor of 6330?
True
Is 21 a factor of 483?
True
Does 13 divide 83349?
False
Is 2533 a multiple of 22?
False
Is 69293 a multiple of 10?
False
Is 845 a multiple of 14?
False
Is 18 a factor of 7101?
False
Is 28 a factor of 25210?
False
Is 10 a factor of 16235?
False
Does 24 divide 360?
True
Does 8 divide 19?
False
Is 157 a factor of 157?
True
Is 68 a factor of 18360?
True
Is 16 a factor of 962?
False
Is 5 a factor of 905?
True
Is 22 a factor of 396?
True
Is 32715 a multiple of 7?
False
Is 52 a factor of 31044?
True
Does 24 divide 2712?
True
Is 138 a factor of 19136?
False
Does 13 divide 1911?
True
Is 53619 a multiple of 164?
False
Is 80 a multiple of 6?
False
Does 55 divide 59620?
True
Is 5 a factor of 135?
True
Is 246 a multiple of 41?
True
Does 139 divide 13066?
True
Is 94 a factor of 4148?
False
Is 3 a factor of 48?
True
Is 13080 a multiple of 60?
True
Is 990 a multiple of 10?
True
Does 50 divide 3032?
False
Does 5 divide 3070?
True
Does 160 divide 17120?
True
Is 314 a multiple of 10?
False
Is 48 a multiple of 2?
True
Is 38 a factor of 21736?
True
Is 461 a multiple of 3?
False
Does 8 divide 44760?
True
Is 69666 a multiple of 76?
False
Does 10 divide 1100?
True
Is 12 a factor of 1018?
False
Does 14 divide 2617?
False
Is 170 even?
True
Is 11 a factor of 1761?
False
Is 18 a factor of 6786?
True
Is 34048 a multiple of 7?
True
Is 82008 a multiple of 72?
True
Is 192 a factor of 2801?
False
Is 59724 a multiple of 14?
True
Does 33 divide 4611?
False
Is 50 a multiple of 10?
True
Does 12 divide 1315?
False
Does 11 divide 2112?
True
Does 19 divide 266?
True
Is 48 a multiple of 3?
True
Is 6 a factor of 930?
True
Is 5146 a multiple of 62?
True
Does 28 divide 1423?
False
Is 58 a factor of 15022?
True
Is 158642 a multiple of 13?
False
Does 9 divide 275?
False
Does 86 divide 481?
False
Does 14 divide 1981?
False
Is 63 a factor of 1043?
False
Is 96 a factor of 3264?
True
Is 6496 a multiple of 7?
True
Is 17 a factor of 1360?
True
Is 9912 a multiple of 84?
True
Does 17 divide 1513?
True
Is 2340 a multiple of 15?
True
Is 30 a factor of 707?
False
Does 113 divide 21273?
False
Is 6666 a multiple of 11?
True
Does 36 divide 1909?
False
Is 19 a factor of 3857?
True
Does 11 divide 330?
True
Is 1380 a multiple of 23?
True
Is 10 a factor of 557?
False
Is 446 a multiple of 4?
False
Is 27076 a multiple of 4?
True
Does 5 divide 5087?
False
Does 76 divide 13141?
False
Does 4 divide 428?
True
Is 32 a factor of 5180?
False
Is 108003 a multiple of 212?
False
Is 9 a factor of 97?
False
Is 3388 a multiple of 22?
True
Is 950 a multiple of 21?
False
Is 6 a factor of 95?
False
Is 36 a factor of 6805?
False
Does 46 divide 828?
True
Is 124 a factor of 25420?
True
Is 1077 a multiple of 16?
False
Is 7611 a multiple of 36?
False
Is 58 a factor of 675?
False
Is 881 a multiple of 35?
False
Is 24 a factor of 16224?
True
Is 390 a multiple of 5?
True
Does 171 divide 34884?
True
Is 44 a factor of 3093?
False
Is 8 a factor of 15320?
True
Does 110 divide 5060?
True
Does 113 divide 6215?
True
Is 2223 a multiple of 9?
True
Does 235 divide 50290?
True
Is 25 a factor of 267?
False
Is 37 a factor of 2405?
True
Is 76 a factor of 1064?
True
Is 12 a factor of 564?
True
Is 44103 a multiple of 61?
True
Is 32 a factor of 22016?
True
Is 31 a factor of 620?
True
Is 12 a factor of 420?
True
Is 83 a factor of 382?
False
Does 9 divide 2736?
True
Is 78 a factor of 5976?
False
Is 7772 a multiple of 116?
True
Is 509 even?
False
Is 33 a factor of 1014?
False
Is 10 a factor of 6281?
False
Does 3 divide 3609?
True
Is 70425 a multiple of 308?
False
Is 96 a multiple of 3?
True
Is 96 a multiple of 8?
True
Is 149 a multiple of 13?
False
Is 250 a factor of 4520?
False
Is 680 a multiple of 40?
True
Does 63 divide 1575?
True
Does 38 divide 4181?
False
Is 11 a factor of 567?
False
Is 1415 a multiple of 45?
False
Does 41 divide 2870?
True
Is 23 a factor of 25988?
False
Is 5103 a multiple of 189?
True
Does 98 divide 105448?
True
Does 104 divide 3952?
True
Is 46 a factor of 456?
False
Is 17323 a multiple of 42?
False
Is 7431 a multiple of 17?
False
Is 11 a factor of 1403?
False
Is 3961 a multiple of 11?
False
Does 3 divide 376?
False
Is 337 a multiple of 17?
False
Is 265 a multiple of 12?
False
Is 23 a factor of 70104?
True
Is 17 a factor of 13684?
False
Does 107 divide 6093?
False
Is 4599 a multiple of 18?
False
Is 10 a factor of 2140?
True
Is 47 a factor of 978?
False
Is 102 a multiple of 14?
False
Is 20 a factor of 392?
False
Does 23 divide 286?
False
Is 1872 a multiple of 104?
True
Is 800 a multiple of 6?
False
Does 71 divide 15478?
True
Is 36 a factor of 8289?
False
Is 52 a factor of 390?
False
Is 496 a multiple of 16?
True
Is 14280 a multiple of 28?
True
Does 43 divide 14464?
False
Does 13 divide 870?
False
Does 41 divide 3592?
False
Does 64 divide 1856?
True
Is 29 a factor of 4366?
False
Does 37 divide 15149?
False
Does 39 divide 299?
False
Does 51 divide 612?
True
Is 12 a factor of 1860?
True
Is 1368 a multiple of 6?
True
Is 24 a factor of 720?
True
Does 22 divide 660?
True
Does 69 divide 690?
True
Is 23641 a multiple of 47?
True
Does 46 divide 13386?
True
Is 1073 a multiple of 37?
True
Does 6 divide 8178?
True
Is 154 a multiple of 11?
True
Is 1452 a multiple of 26?
False
Is 9 a factor of 7648?
False
Is 1128 a multiple of 94?
True
Is 6461 a multiple of 13?
True
Is 13 a factor of 2925?
True
Is 4951 a multiple of 117?
False
Is 22 a factor of 624?
False
Is 12 a factor of 1512?
True
Does 23 divide 18133?
False
Does 55 divide 1485?
True
Is 111 a factor of 1554?
True
Does 7 divide 16481?
False
Does 149 divide 28012?
True
Does 31 divide 894?
False
Does 32 divide 23968?
True
Does 135 divide 10532?
False
Is 770 a multiple of 24?
False
Is 18 a factor of 11731?
False
Does 7 divide 46907?
True
Does 14 divide 63111?
False
Is 17 a factor of 30770?
True
Is 4794 a multiple of 94?
True
Is 8424 a multiple of 13?
True
Is 46312 a multiple of 32?
False
Does 9 divide 1924?
False
Does 72 divide 1512?
True
Is 2 a factor of 753?
False
Is 12 a factor of 540?
True
Is 12193 even?
False
Is 1608 a multiple of 47?
False
Does 5 divide 18972?
False
Does 183 divide 12607?
False
Does 23 divide 5184?
False
Is 5740 a multiple of 14?
True
Is 133989 a multiple of 59?
True
Does 53 divide 2020?
False
Is 40308 a multiple of 157?
False
Is 3936 a multiple of 41?
True
Is 10 a factor of 2720?
True
Is 71352 a multiple of 19?
False
Is 127 a factor of 40513?
True
Is 3703 a multiple of 99?
False
Is 10 a factor of 310?
True
Is 408 a multiple of 34?
True
Does 284 divide 47712?
True
Is 3528 a multiple of 44?
False
Is 37 a factor of 666?
True
Is 4411 a multiple of 159?
False
Is 6 a factor of 36179?
False
Is 1090 a multiple of 14?
False
Is 32 a factor of 4455?
False
Is 23 a factor of 828?
True
Does 33 divide 858?
True
Is 12 a factor of 211152?
True
Is 8541 a multiple of 13?
True
Does 5 divide 95?
True
Does 10 divide 780?
True
Does 16 divide 560?
True
Does 42 divide 2827?
False
Does 24 divide 2592?
True
Is 63457 a multiple of 31?
True
Does 48 divide 41328?
True
Is 8 a factor of 724?
False
Is 3956 a multiple of 92?
True
Does 2 divide 153?
False
Is 9730 a multiple of 139?
True
Is 59 a factor of 1357?
True
Is 1556 a multiple of 15?
False
Is 288 a multiple of 12?
True
Is 517 a multiple of 15?
False
Does 20 divide 420?
True
Is 6 a factor of 348?
True
Does 6 divide 264?
True
Is 4850 a multiple of 25?
True
Is 8415 a multiple of 99?
True
Does 92 divide 1012?
True
Does 2 divide 960?
True
Does 29 divide 106?
False
Does 35 divide 6753?
False
Does 4 divid